8e - -20eb?
868a
In base 4, what is 32012133 - 200233?
31211300
In base 2, what is -1111 + -1000010100110111?
-1000010101000110
In base 14, what is 3 + -175d0b13?
-175d0b10
In base 8, what is 31372235 - 17?
31372216
In base 4, what is 12 + -2330220302?
-2330220230
In base 11, what is 822 - -4886?
55a8
In base 15, what is -3288d + 57?
-32836
In base 12, what is -4845b7 - 3?
-4845ba
In base 15, what is 21e2b1 + 5?
21e2b6
In base 11, what is -78 - -12145?
12078
In base 2, what is -10010 + 1011111001100011111?
1011111001100001101
In base 15, what is -2d6 + -c351?
-c637
In base 13, what is 15b9ab6 - 4?
15b9ab2
In base 14, what is -101 - -4b653?
4b552
In base 4, what is -2102302102200 + -3?
-2102302102203
In base 15, what is 4ec15b6a + 3?
4ec15b6d
In base 2, what is 11100010000110000111101 - 101?
11100010000110000111000
In base 8, what is 1226 + 100645?
102073
In base 11, what is -792 - -12064?
11382
In base 14, what is -364 + -325b7?
-3293b
In base 14, what is 19a - 1c5d2?
-1c436
In base 5, what is -14 - 100103133211?
-100103133230
In base 10, what is -37 + 126487?
126450
In base 7, what is -1 - 2252423100?
-2252423101
In base 5, what is -1303133321 - 4?
-1303133330
In base 13, what is a051 + 870?
a8c1
In base 16, what is -2 - 11972?
-11974
In base 13, what is -1781 - b53?
-2604
In base 4, what is -20223 + 1233030102?
1233003213
In base 3, what is -2120202 - 12112122?
-22010101
In base 12, what is 220920 - 13?
220909
In base 14, what is -30 - -30914b7?
3091487
In base 2, what is 101001 - -100110101111100101?
100110110000001110
In base 15, what is -bb05b - ba?
-bb126
In base 12, what is -8973 + 5b87a?
52b07
In base 15, what is 3 - -3654e5?
3654e8
In base 8, what is -50376572 + -14?
-50376606
In base 16, what is 5ddae - 117?
5dc97
In base 12, what is -a185 + -695?
-a85a
In base 5, what is -33140113 - 22?
-33140140
In base 13, what is 11038b - 2?
110389
In base 5, what is 113032 - -1242?
114324
In base 4, what is -112 + -112033030?
-112033202
In base 2, what is 110111100110100100011 + -10010001?
110111100110010010010
In base 11, what is -2268 + -19a8?
-4165
In base 5, what is 100022310 - 23?
100022232
In base 10, what is 4975784 + 3?
4975787
In base 10, what is 68 - -432693?
432761
In base 8, what is -1360 - 651?
-2231
In base 2, what is -1101101101110110 + 10010010110100?
-1011011011000010
In base 10, what is 457203 - -5?
457208
In base 16, what is 0 + -688802?
-688802
In base 14, what is 857767 - -1?
857768
In base 2, what is 110000100001111 - -1000101100111100?
1110110001001011
In base 14, what is -9c10 - 63?
-9c73
In base 15, what is -237cc + 1d?
-237ae
In base 11, what is 1336659 - -4?
1336662
In base 16, what is 1def5 + -62?
1de93
In base 5, what is 1103032441433 + 0?
1103032441433
In base 12, what is -14121a630 - -3?
-14121a629
In base 14, what is 10c574 + 39?
10c5ad
In base 10, what is 55726947 - 2?
55726945
In base 12, what is -27b3501 + -1a?
-27b351b
In base 14, what is -d171d9 - 3d?
-d17238
In base 16, what is 1 - -605065?
605066
In base 15, what is -11a39d - -4d?
-11a350
In base 3, what is 11022021 + 20010201?
101102222
In base 15, what is -4 - -4cb903d?
4cb9039
In base 16, what is 1 - -f246998?
f246999
In base 13, what is -632b1a + -8c?
-632ba9
In base 10, what is 45 - 2321605?
-2321560
In base 7, what is 10 + 13520040?
13520050
In base 10, what is -38147 + -121?
-38268
In base 2, what is 110011000001 + 100101010011011111?
100110000110100000
In base 5, what is 412123 - 324114?
33004
In base 15, what is 399b + -54?
3947
In base 10, what is -62009320 - 0?
-62009320
In base 2, what is 111110001 + -1000010101000101110?
-1000010100000111101
In base 7, what is -245514462 - -14?
-245514445
In base 10, what is -2926926 + -12?
-2926938
In base 3, what is 10201121212 - -1020002?
10202211221
In base 3, what is -11202 + 100201210021?
100201121112
In base 8, what is 200520 - -473?
201213
In base 11, what is -1315 - -1a233?
18a19
In base 6, what is -213014 - 5113?
-222131
In base 8, what is -5 + -266566773?
-266567000
In base 3, what is -111100020 - 1202201?
-120002221
In base 8, what is 1503 - -214163?
215666
In base 13, what is -ac03408 + 2?
-ac03406
In base 8, what is -1003456 + 3102?
-1000354
In base 10, what is 1851 - -19350?
21201
In base 2, what is -10 + 101110100001010100001?
101110100001010011111
In base 8, what is 31562 + 302?
32064
In base 16, what is -3f + -384e2d?
-384e6c
In base 7, what is -161 + 53526602?
53526411
In base 7, what is 6206165 - 11?
6206154
In base 15, what is 49b23 - 13?
49b10
In base 2, what is -110011110100000010001 + 10010111?
-110011110011101111010
In base 5, what is 344121320144 - -2?
344121320201
In base 10, what is 144 + -687098?
-686954
In base 11, what is -2 + -12126393?
-12126395
In base 12, what is -34b + -52b282?
-52b611
In base 14, what is 3 + b7a169?
b7a16c
In base 5, what is -300433333 - -20200?
-300413133
In base 14, what is 1c20bd + 6?
1c20c5
In base 3, what is -2210111 + -12220010010?
-12222220121
In base 2, what is -10000011110 + 11001101001111101?
11001011001011111
In base 16, what is 4d563c1 - 5?
4d563bc
In base 9, what is 15 + -2186523?
-2186507
In base 15, what is -8c050e + 6?
-8c0508
In base 14, what is -4 + -154134d?
-1541353
In base 16, what is -3b - -298d6?
2989b
In base 16, what is 1b50d2 - -264?
1b5336
In base 11, what is 505750 + 8?
505758
In base 9, what is -1042 + -220442?
-221484
In base 3, what is -200210010221 - -221?
-200210010000
In base 14, what is -1a8597 + -81?
-1a8638
In base 11, what is 20782 - 1547?
1a236
In base 5, what is -14304 + -1402201?
-1422010
In base 12, what is -32b3 + 1744?
-176b
In base 7, what is -1420053 + -1132?
-1421215
In base 15, what is -1480b7a - -9?
-1480b71
In base 11, what is 407561 - -6?
407567
In base 13, what is 0 - 1c67c63?
-1c67c63
In base 11, what is 2a6052 + -a8?
2a5a55
In base 2, what is 101 + 10110110101000110001?
10110110101000110110
In base 15, what is -7 - -3dd0dd?
3dd0d6
In base 11, what is -239043 - 114?
-239157
In base 8, what is -226 - -15500026?
15477600
In base 7, what is -14 + 154365204?
154365160
In base 5, what is 4 + 404102434?
404102443
In base 15, what is 3 + 919a33?
919a36
In base 4, what is 320312021 + 112?
320312133
In base 13, what is 5 + 1040215b?
10402163
In base 16, what is 5 + -278ee02?
-278edfd
In base 8, what is -3 - -17443250?
17443245
In base 2, what is -11011101001101100000 - -10010001?
-11011101001011001111
In base 16, what is 5dcc + 25e5?
83b1
In base 6, what is 250505553 - 201?
250505352
In base 13, what is -1 + 157a8?
157a7
In base 2, what is 11 - -10011101111001000111011100?
10011101111001000111011111
In base 7, what is -250622 - -5503?
-242116
In base 8, what is -6725 - 21762?
-30707
In base 4, what is -123233310022 - -11?
-123233310011
In base 15, what is 0 - -1bdbb4d?
1bdbb4d
In base 13, what is 20 - 79?
-59
In base 7, what is -21054540 - -242?
-21054265
In base 11, what is -2148 + -3303?
-5450
In base 14, what is -9c - 2561a3?
-256261
In base 8, what is -410646 + -2774?
-413642
In base 6, what is -525352 - -4352?
-521000
In base 16, what is -2 + -b0fb2f4?
-b0fb2f6
In base 5, what is -1 + -301212331210?
-301212331211
In base 13, what is -233 + -688b6?
-68b19
In base 8, what is -556 - -442454?
441676
In base 2, what is 111101010 - -10010010010010001?
10010011001111011
In base 13, what is -26c - -9520?
9281
In base 3, what is -22200 + 11102210110?
11102110210
In base 12, what is 188 + 176919?
176aa5
In base 5, what is 32 - -100001441?
100002023
In base 13, what is 5a762 - 12?
5a750
In base 4, what is 32101 - 30000301?
-23302200
In base 9, what is -1262788 - 543?
-1263442
In base 11, what is -3 - -2474590?
2474588
In base 8, what is -22234336 + -200?
-22234536
In base 15, what is -789 - -8e4ab?
8dc22
In base 8, what is -34575775 + -24?
-34576021
In base 13, what is -2 - -47536?
47534
In base 13, what is 2c - -29142?
29171
In base 11, what is -222 - -36437a?
364158
In base 11, what is 225596a47 + -2?
225596a45
In base 7, what is 62231 + -3432?
55466
In base 10, what is 73 - 140040?
-139967
In base 5, what is 1 + -1430220142?
-1430220141
In base 2, what is -11010001101011 - 11111111?
-11010101101010
In base 11, what is -3643681 - 5?
-3643686
In base 12, what is 268 - -19a?
446
In base 16, what is -2e70 - -4ebf?
20